+ -2. Determine w(j).
0
Let m(l) = -l**3 - l + 16. Suppose -11*j = -7*j. Give m(j).
16
Let a(q) = -21*q**2 - q. Suppose 0 = -2*r + 2. Determine a(r).
-22
Let o(b) = -b**3 + 15*b**2 + 9*b - 3. Let y(s) = -s**3 + 16*s**2 + 8*s - 2. Let w(z) = -5*o(z) + 4*y(z). Calculate w(12).
-5
Suppose -b - 8 = 2*y, -2*y + 14 = -3*b - 6*y. Let s(o) = 4*o**2 + 2*o - 3*o**b - 2*o**2 - o. Give s(-1).
-2
Let o(i) = 1. Let n be 11*(-2)/(8/(-4)). Let m(f) = -f + 3. Let w(d) = n*o(d) - 4*m(d). Determine w(1).
3
Suppose 16 = 60*f - 56*f. Let u(c) = 2*c**2 - 7*c + 6. Calculate u(f).
10
Let z(a) = -a**3 + 4*a**2 + 8*a - 10. Let o be z(5). Let h(d) = 0 - d - 5 + o. What is h(1)?
-1
Let d(l) = l**3 - 7*l**2 + 2. Let z be d(7). Let b(h) = 0 + h**2 - h**3 - 2 + 0. Determine b(z).
-6
Let l be (-1 - 21/3) + 2. Let b be (-10)/l*-2*-3. Suppose 0*s = -2*s - b. Let n(c) = -c**2 - 6*c - 7. What is n(s)?
-2
Let a = -18 - -22. Let q(g) = g**2 - 3*g + 2. Determine q(a).
6
Let i(o) = 2*o**3 - 2*o**2 - 4*o - 3. Let w = -29 + 27. Give i(w).
-19
Let f(x) be the second derivative of x**3/3 - 10*x**2 + 3*x. Let m(r) = r - 8. Let a(w) = -5*f(w) + 12*m(w). Calculate a(-5).
-6
Let i(f) = -3*f**3 + 4*f**2 - 18*f - 4. Let w(q) = q**3 - q**2 + 5*q + 1. Let d(t) = -2*i(t) - 7*w(t). Let n(u) = u + 5. Let b be n(-6). What is d(b)?
0
Let s(g) = 9*g**2 + 1. Let h = -1 - 0. Let n(t) = t**2 - t - 1. Let w be n(h). What is s(w)?
10
Let n be (-2)/((-2)/3) + -3. Let t(o) = 3*o**3 - 1 - o**3 + n*o - 2*o. Calculate t(-1).
-1
Let c(g) = -3*g**3 - g. Let p be c(-1). Let f(k) = p*k - 32 + 32. Give f(1).
4
Let y = -26 + 3. Let v = 24 + y. Let n(j) = 3*j**2 + j - 1. Determine n(v).
3
Let z(w) = w - 9 + 3*w**2 + 5*w**2 + 17 - w**3 - 13. Determine z(8).
3
Let b(a) = 0*a**2 + a**3 + 2*a - a - 4*a**2 + 5*a**2. Suppose -2*k = 3*f + 6, 3*f - 5*k - 8 = 7. Determine b(f).
0
Suppose -5 + 0 = -k. Let g(v) = 1 + 1 + k - 5 + v. Calculate g(-6).
-4
Let t(o) = o + 5. Let x(a) = -4*a**3 + 10*a**2 - a. Let y(u) = -5*u**3 + 11*u**2 - 2*u. Let f(q) = -6*x(q) + 5*y(q). Let i be f(-3). Give t(i).
-1
Let m(r) = -r**2 - 4*r + 2. Let o(c) = 5*c**2 + 21*c - 11. Let g(l) = -11*m(l) - 2*o(l). What is g(-2)?
0
Let p(k) = -3*k**2 + 2*k**2 + 2*k + 4 - 7. Let h(a) = -a**2 + 5*a + 2. Let t be h(5). Calculate p(t).
-3
Let l(y) = y**3 - 8*y**2 + 2*y - 10. Suppose -5*n - x = -3*n - 13, 5*x = 4*n - 47. Calculate l(n).
6
Let w(x) = 6*x + 1. Suppose 19 = 3*k - g - 4*g, 0 = -3*k - 4*g + 1. What is w(k)?
19
Let c be -2*(0 - 45/2). Suppose 0 = -2*y + j + 5, c = 2*y + 3*y + 4*j. Let l(w) = 2 + 0 - 5*w + w + 3*w. What is l(y)?
-3
Let z(c) = -7*c - 1. Let d(j) = 2*j - 1. Let y be d(0). What is z(y)?
6
Let h = 3 - 3. Suppose w - 1 = v, h*w = -v - w + 5. Let p(i) = 5 + 2 + i - 4*i**2 - 1 + 3*i**v. Determine p(0).
6
Let u(c) = c - 2. Let t(o) = o**2 - 5*o + 4. Let r be t(5). Suppose -4*v - 8 = 0, 3*l - v = -2*v + r. What is u(l)?
0
Let q(c) = -2*c**2 - 2 - 33*c + 33*c. Determine q(2).
-10
Suppose 10*r + 21 = -39. Let i(x) = -x**3 - 5*x**2 + 5*x - 1. What is i(r)?
5
Let c(m) = 7*m**3 - m**2 + 1. Let g be c(1). Suppose 2*z - g = p - 2, -p - 20 = -5*z. Let l(o) = -2*o**2 - 2*o**2 - 4 + 3*o**2 - p*o. Calculate l(-3).
2
Let w be (-1)/(1/(-4)) + 1. Suppose -3*x - 3 = -2*x + i, -3*x - 5*i - w = 0. Let p(l) be the second derivative of -l**3/6 + l**2 - 2*l. Determine p(x).
7
Let j(x) = -2*x + 2. Suppose -3*b - 21 = 4*v, 18 = 3*b - 4*b - 5*v. Give j(b).
8
Let o = 0 - 3. Let a(w) = 22*w**2 + 1. Let u be a(1). Let l(i) = 6 - 24*i + u*i - 3 - 2. Calculate l(o).
4
Let h = 22 + -8. Let i be (-1)/(-4) - h/(-8). Let u(q) = 2*q**2 - q - 1. Calculate u(i).
5
Let b(w) = w - 2. Let n(g) = g**3 + 5*g**2 - 2*g - 6. Let x be n(-5). Let q = 1 - x. Determine b(q).
-5
Suppose -s = -4*q + 2*q + 1, 3*s + 10 = -q. Let m(o) = 0 + 0 - 3 + o**2. What is m(s)?
6
Let h be (-32)/(-10) - 1/5. Let w(i) = -3*i - i + h*i + i**2. Let n = 4 + -4. Calculate w(n).
0
Let p(l) = -l**3 + 5*l**2 + l - 2. Let j = 37 + -64. Let n = j + 10. Let z = -12 - n. Give p(z).
3
Let a(u) be the first derivative of 2 + 1/2*u**2 - 1/3*u**3 - 2*u. Give a(2).
-4
Let p(k) = 2*k + 7*k - 12*k + 1. Let m(h) = h**3 - 7*h**2 + 5*h + 7. Let q be m(6). Suppose 0 = x - 3 - q. Give p(x).
-11
Let m(t) = -3*t - 31. Let u(r) = -r - 10. Let p = -11 + 18. Let g(y) = p*u(y) - 2*m(y). Determine g(-4).
-4
Let v(o) be the first derivative of -o**4/12 - o**3/3 + o - 1. Let m(p) be the first derivative of v(p). Determine m(2).
-8
Let m(i) be the first derivative of -2 + 0*i + 1/2*i**2 + 1/3*i**3. Let k = -53 + 52. What is m(k)?
0
Let q = -5 + 3. Let m be 1 - (q + -1)/3. Let f(a) = 0*a + m*a - a. What is f(-1)?
-1
Let x(s) = -s**3 + 5*s**2 - 4*s + 3. Let a be (-68)/(-7) - 2/(-7). Let z be (a - 7)/(2/2). Give x(z).
9
Suppose -4*q + 9 = -5*q. Let h(d) = d + 10. Give h(q).
1
Let f(t) = t**2 - 5*t - 2. Let i(y) = -y - 1. Let o(w) = -f(w) + i(w). Give o(3).
4
Suppose -2*d - d = 24. Let x be (5/(-2))/(4/d). Let m(a) = 4*a + 0 + 4 - x*a + 0*a. What is m(2)?
2
Let n(w) = 28*w**3 + w**2 - w - 3. Let x(y) = -y**2 + 9*y + 8. Let p be x(10). Let t(l) = 9*l**3 - 1. Let o(q) = p*n(q) + 7*t(q). Calculate o(1).
6
Let v(r) = -2*r + 1. Let i(u) = u + 5. Let s be i(-5). Let f be 0 - (-1 + s + -1). What is v(f)?
-3
Let t(z) = -z**2 - 4*z + 1. Let p be t(-5). Let w(u) = u**2 + 4*u - 4. What is w(p)?
-4
Let g(c) = -7*c**3 - 2*c**2 + c + 4. Let n(t) = 4*t**2 - 5 - 2 - 4*t + 14*t**3 + 2*t. Let l(p) = -7*g(p) - 4*n(p). Calculate l(1).
-8
Let y = -12 + 14. Let b(a) = 0 + y - a + 6 - a. What is b(6)?
-4
Let u be 6*217/(-182) + 4/26. Let m be (8/(-3))/(1/3). Let w = u - m. Let r(n) = n. Determine r(w).
1
Let u(f) = -f**3 - 6*f**2 - 2*f - 2. Let q(j) = -j**3 - 8*j**2 - 2*j - 5. Let o be q(-8). Let t = o + -17. What is u(t)?
10
Let j be 2 - ((-3)/(-3) - -2). Suppose 0 = -5*x + 43 - 18. Let o(g) = -g + x - 5. What is o(j)?
1
Let v be (-2)/7 + 308/49. Let r(b) = -b**3 + 7*b**2 - 6*b + 5. Determine r(v).
5
Let r = -1 - -5. Let k(h) = h - 9. Let x(g) = g - 8. Let q(j) = r*k(j) - 5*x(j). Determine q(4).
0
Let z = 3 - -15. Suppose 0 = i - 2*d - 4, 4*i + 18 + z = -5*d. Let s(l) = -l - 4. What is s(i)?
0
Let j(z) be the second derivative of z**4/4 - z**3/2 + 3*z**2/2 - 10*z. Calculate j(2).
9
Let h = -2 + 4. Let c(d) = 1 + 6*d - 4*d + d**2 + h*d. Let a be c(-3). Let x(j) = j**2 + 2*j. Give x(a).
0
Let x(o) = 10*o**2 + o - 1. Let i be ((-1)/1)/(1/11). Let g = i - -12. Give x(g).
10
Suppose -20*c - 57 = 63. Let q(d) = d - 1. What is q(c)?
-7
Let s(u) = u - 7. Let r be -3 - ((-27)/(-18))/((-1)/4). Determine s(r).
-4
Let n(p) be the first derivative of -2*p**2 + p - 7. Calculate n(-1).
5
Let k(m) be the first derivative of 13*m**2/2 - m + 5. Calculate k(-1).
-14
Let r(w) = -2*w - 3 + 3*w - 4*w**2 + 3*w**2 + 6*w. Give r(5).
7
Suppose 0 = -2*v + 4. Suppose -w = 4*b + 6, -4*w + 2*w + v*b = -8. Let q(i) = 2 + 4*i + 0*i - i**w + 3 - 3. Calculate q(5).
-3
Let v be (-10)/(-35) - (-46)/(-14). Let p(n) = n**3 + 3*n**2 - 3*n. Determine p(v).
9
Let f be 88/6 - (-4)/(-6). Suppose -2*d - d + f = -s, -21 = -5*d + 4*s. Let v(c) = -c**3 + 5*c**2 - 5. Calculate v(d).
-5
Suppose -3*d + 15 = 0, w - 2*d = d - 14. Let r(h) = -2 + 0*h + h - w. Let v(q) = q**2 + 4*q - 8. Let m be v(-6). What is r(m)?
1
Suppose -16 = 4*n + 5*g - 5, -13 = 2*n + 5*g. Let a(k) = 2*k - 3*k + 0 - n. Let m be 84/(-35) + 3/(-5). What is a(m)?
2
Let z(k) = 7*k**2 + k. Let n = -13 + 14. Determine z(n).
8
Let k(u) = -u**3 + 10*u**2 - 23*u + 8. Let l be k(7). Let m(t) = -t**3 - 5*t**2 + 5*t - 6. Give m(l).
0
Let q(c) = 11*c**2 - 5*c + 2. Let w(i) = 7*i**2 - 3*i + 1. Let a(v) = 5*q(v) - 8*w(v). Let l be 2/9 - (325/45 + -7). What is a(l)?
2
Let p be 0 - (-12 + 3)/3. Let g(a) = a**2 + a**2 + p*a - 1 + a**2 + 2. Give g(-2).
7
Let c(v) = v**2 - v - 1. Let m be (-10)/45 + (-76)/(-18). Let q(s) = 3*s**2 - 2. Suppose -4*h + 0*h - 4 = 0. Let x(u) = h*q(u) + m*c(u). Calculate x(3).
-5
Let m(o) = o**2 + 7*o. Let i = -11 + 11. Let h = -7 + i. What is m(h)?
0
Let a = -3 - -6. Let t(y) = -y**3 + 4*y**2 - 2*y + 3. Give t(a).
6
Let o(d) = 1. Let q(x) = -x**2 - x + 1. Let t be (0 - -1) + (2 - 1). Suppose -t*v = 3*v - 5. Let f(z) = v*q(z) + 4*o(z). Determine f(0).
5
Let i(t) = 2 - 1 + 3*t**2 - t**3 - 2 + 3 + t. Calculate i(4).
-10
Let m(a) = 3 - 